at are the prime factors of c?
3, 743
Let k be (-6)/8 + 5731/(-44). Let b = 202 - k. Suppose r + r + b = 5*y, -5*r = y - 45. What are the prime factors of y?
5, 13
Suppose 0 = 8*g - 319 + 71. Suppose -g*w = 10*w - 21361. List the prime factors of w.
521
Let g = 16334 + -1656. List the prime factors of g.
2, 41, 179
Let v(w) = w**2 + 8*w + 63. Let s be v(-10). Suppose -4*y = 4*n - 1161 - s, 3*n - 928 = 2*y. List the prime factors of n.
2, 5, 31
Let v(b) = -8*b - 6 + 25 + 6*b**2 - 2*b**2. Let a be v(4). What are the prime factors of (-8900)/(-68) - -2*3/a?
131
Let p(y) = 128*y + 84. Let j be p(13). Let w = j - 460. What are the prime factors of w?
2, 7, 23
Suppose 11338*w + 33462 = 11377*w. What are the prime factors of w?
2, 3, 11, 13
Suppose -3*h + 19 = 37. What are the prime factors of ((-438)/4)/3*h?
3, 73
Let g(y) = y - 23. Let k be g(27). Suppose 4*u - u - 2*x - 259 = 0, k*u - 347 = x. What are the prime factors of u?
3, 29
Suppose 81690 = 19*o + 12815. List the prime factors of o.
5, 29
Let c = -19 + 23. Suppose -1063 = -c*x + 77. List the prime factors of x.
3, 5, 19
Let d(m) = -2*m**3 + 3*m**2 + 5*m - 17. Let c(x) = x**3 - x**2 - 2*x + 9. Let z(h) = -7*c(h) - 3*d(h). List the prime factors of z(-7).
2, 3, 5
Let r(w) = -20*w - 28. Let f = -49 + 54. Suppose -j = 2*x + 9, x - 34 = -0*j + f*j. List the prime factors of r(j).
2, 7
List the prime factors of 5159/22*4*7.
2, 7, 67
Suppose -24*w = -26*w + 6. Let s = -75 + 138. Suppose -5*c + 2*d + s = 0, 0*d = -c - 2*d + w. List the prime factors of c.
11
Let u(w) = w**3 - w**2 - 2. Let t be u(3). Let y(g) be the second derivative of 11*g**3/6 + 2*g**2 - 10*g + 23. What are the prime factors of y(t)?
2, 3, 5
Let o = 5268 + -2849. List the prime factors of o.
41, 59
Let h = -46719 - -77013. List the prime factors of h.
2, 3, 11, 17
Let t(m) = 10 - 11*m**3 + 10*m**2 + 10*m**3 + 5 - 13*m. Suppose 24 = -0*q + 3*q. What are the prime factors of t(q)?
3, 13
List the prime factors of 165/(4 + -15) + 18947.
2, 4733
Let v(r) = -r**3 + 12*r**2 + 13*r + 6. Let d be v(13). Suppose -5*u = l - 31, l - d*l = -u + 1. Suppose -u*n = -n - 450. What are the prime factors of n?
2, 3, 5
Suppose 0 = 3*p - g - 17, 2*g - g + 2 = 0. Let m be 21/35 + 282/p. Suppose -3*l + m + 84 = 0. List the prime factors of l.
47
Suppose -3*n + 7*n = 2*q + 80, -4 = 2*q. Suppose 18*m - d = n*m - 320, -4*m = -4*d - 1320. List the prime factors of m.
5, 13
Suppose -n + 25 = -49. Suppose 105 = 6*a + 405. Let q = n + a. What are the prime factors of q?
2, 3
Let c(g) be the second derivative of -g**3/3 - 25*g**2/2 + 36*g. Let k be c(-9). List the prime factors of (-2)/3 + (k - (-2872)/24).
2, 7
Let r = 5 - -32. Suppose r*p - 22*p = 6375. List the prime factors of p.
5, 17
Let p(o) = -o**2 - 14*o - 14. Let v(s) = 16*s + s**2 + 2 - 7 + 8 + s**2. Let b be v(-7). List the prime factors of p(b).
19
Suppose -11*u = -14*u + 5*x + 82, 0 = 3*u - 3*x - 78. Suppose 1576 = u*r - 22*r. List the prime factors of r.
2, 197
Let q = -209 + 280. Let c = q - -162. List the prime factors of c.
233
Let b(u) = 3*u - 22. Let i be b(-15). Let o = i - -132. What are the prime factors of o?
5, 13
Let w be 68/6*6/(-4). What are the prime factors of w/51 + 8445/9?
2, 7, 67
Suppose -4*w - 18999 = -j, -4609*j = -4613*j - w + 75962. List the prime factors of j.
7, 2713
Suppose 0 = -3*a - 0*a + 3, 5*a - 689 = 4*v. Let q = v - -523. List the prime factors of q.
2, 11
Let m = -13185 - -17140. List the prime factors of m.
5, 7, 113
Let j(k) = 19*k - 81. Let r(h) = h**2 + 43*h + 12. Let p be r(-43). What are the prime factors of j(p)?
3, 7
Suppose 90*k - 15520 = 82*k. Suppose 6*r - 8*r + 4*m + k = 0, -2*m = 10. List the prime factors of r.
2, 3, 5
Let v = 13129 + 3615. What are the prime factors of v?
2, 7, 13, 23
Suppose -3*r = 5*k - 228, -r - 100 = -0*k - 2*k. Let q be k/216 - (-5150)/(-9). Let i = q - -814. What are the prime factors of i?
2, 11
Let p be (-2)/(-4) - -5*5/(-10). Let d be (-5 - p)/(7/(-21)). Suppose -d*v + 780 = -5*v. What are the prime factors of v?
3, 5, 13
Let m(x) = 196*x - 140. Let a be m(2). Let g = a - -179. List the prime factors of g.
431
Let w = 319 + -319. List the prime factors of (0 + -1)*w/(-13) + 62.
2, 31
Let q(s) = 11*s**2 + 13*s - 27. Suppose j + 3*f = -21, -14*j - 5*f = -19*j - 25. What are the prime factors of q(j)?
3, 83
Let l = 19516 + -18154. What are the prime factors of l?
2, 3, 227
Suppose 4*h = -720 + 196. Let d = h - -131. What are the prime factors of (0 - d - 32/(-24))*54?
2, 3
Let z = -509 - -513. Suppose n + 98 = 4*b - n, -z*n - 4 = 0. What are the prime factors of b?
2, 3
Suppose 5*c = -12 + 2. Let g be ((c + -2)/4)/(4/(-4)). What are the prime factors of 6/(-7)*(0 + -14)*g?
2, 3
Suppose 9*v = 11*v + 8. Let u be v*3/(-6) - (1 - 351). Suppose 4*y + u = 8*y. List the prime factors of y.
2, 11
Let o(k) = k**3 + 2*k**2 - 12*k. Let p be o(-5). Let n(r) = r**3 + 16*r**2 + 15*r + 4. Let f be n(p). List the prime factors of (-99)/6*(f - 6).
3, 11
Let z be (6/5)/(308/(-80) - -4). Suppose 1117 + 987 = z*x. What are the prime factors of x?
263
Let r = -2137 + 3278. Suppose 2*j = 1157 + r. What are the prime factors of j?
3, 383
What are the prime factors of 3*(-3047)/(-77)*49?
3, 7, 277
Suppose 38*k - 62530 - 184622 = 0. What are the prime factors of k?
2, 3, 271
List the prime factors of ((-45)/(-60))/(12/(-16)*3/(-80451)).
3, 7, 1277
Let v(t) = -t**3 + 6*t**2 - 6*t + 4. Let b be v(4). Let k be 2*3/b*6. Let q = k + 3. List the prime factors of q.
2, 3
Suppose -h + 3 = 0, 0 = 3*f - 7*f + 3*h + 35. Let p = 7 - f. What are the prime factors of 4 - (-74 + p) - 2?
2, 5
Let b be 2149/(-2)*76/(-266). Let n = b - 59. What are the prime factors of n?
2, 31
Suppose 1129619 = 76*b + 31806 + 222597. List the prime factors of b.
2, 2879
Suppose -2*u + 239 + 573 = 0. Let z = u - 378. List the prime factors of z.
2, 7
Suppose -301*z + 7764060 = 833836. List the prime factors of z.
2, 1439
Suppose 6*w = -1795 - 1505. Let l = 8 - w. Let z = -314 + l. What are the prime factors of z?
2, 61
Suppose -15323 - 2965 = -6*a. What are the prime factors of a?
2, 3, 127
Let h = -84553 - -128719. List the prime factors of h.
2, 3, 17, 433
Let d(k) = -2*k**2 + 2*k + 4. Let r be d(0). Let t be (-64 + r)/(-2) + -1. Suppose -v + 4*z = -44 - t, 4*v = 5*z + 292. List the prime factors of v.
73
Suppose -40*s + 33*s = -6279. Suppose 2*j = -2*w + 608, 3*w = -2*j + 4*j + s. List the prime factors of w.
7, 43
Let p = -5084 - -9989. What are the prime factors of p?
3, 5, 109
Let r be (1 - 56/8) + 8. Suppose -5*k - r*a = -7609, -7*k + 3*a + 7624 = -2*k. What are the prime factors of k?
1523
Let l(b) = -65*b - 33. Suppose 14*f = -15 - 41. What are the prime factors of l(f)?
227
Let z(q) = q**2. Let i(u) = u**3 - 13*u**2 - 8*u - 38. Let j(y) = -i(y) + z(y). What are the prime factors of j(9)?
5, 103
List the prime factors of 2/(-17) - (2457644/(-476) - 17).
2, 5, 7, 37
Let s = 1789 - -4965. What are the prime factors of s?
2, 11, 307
Let a = 16631 - 7965. What are the prime factors of a?
2, 7, 619
Suppose -5*b = -2*o - 29113, -5*b + 5*o - 2*o = -29112. What are the prime factors of b?
3, 647
Let z(w) = 35*w + 118. Let v be z(-4). What are the prime factors of 12/v + (-30966)/(-143)?
2, 3
List the prime factors of (-42 + -12)/(21/(-560)).
2, 3, 5
Suppose 42*u - 8*u + 29070 = 0. Let m = 16 - u. What are the prime factors of m?
13, 67
Suppose 3*y - 5*o = 1975, -1955 = -3*y - 2*o - 3*o. Suppose y = 3*p - 377. Suppose 35*i + p = 39*i. What are the prime factors of i?
2, 43
Suppose -418 - 238 = -4*k. Let d = -100 + k. Suppose 0 = n - 5*q - 66, 0*n + n - 4*q = d. What are the prime factors of n?
2, 7
Suppose -8*g - 9999 = -5*g. Let k = 4929 + g. List the prime factors of k.
2, 3, 7, 19
Suppose -3 + 0 = -o. List the prime factors of 511/o - (-16)/(-48).
2, 5, 17
Suppose 2*j = -6, -415*v + 4*j = -417*v + 40132. What are the prime factors of v?
2, 13, 193
Let o(g) = -103*g - 245. List the prime factors of o(-27).
2, 317
Suppose -127*s = -135*s + 39308 - 9292. List the prime factors of s.
2, 7, 67
Let y = 59 + -60. Let g be 335 + y/2*12/(-6). Suppose -u + 5*h = -113 + 12, 0 = -3*u + 4*h + g. List the prime factors of u.
2, 29
Let g(x) = x**2 - x + 3. Let r be g(-3). Suppose -88 = -r*o